0, -2*r + 117 = -3*f. Suppose 5*p - 84 = -4*n, -4*p + r = 5*n - 33. What are the prime factors of n?
2
Suppose -5*x = 8*a - 44302, -29*a = -3*x - 27*a + 26588. List the prime factors of x.
2, 3, 7, 211
Let k = 1780 - -9011. What are the prime factors of k?
3, 11, 109
Suppose 12*h - 8 = 10*h. Suppose -h*v - 16 = -4. What are the prime factors of ((-1)/v)/(5/435)?
29
List the prime factors of 176/2376 - (-1320861)/81.
23, 709
Let c(r) be the first derivative of 3*r**3 - 39*r**2/2 + 34*r + 192. List the prime factors of c(12).
2, 431
Let t(q) = q**3 - 6*q**2 + 5*q - 4. Let i = 64 + -38. Let z = i - 20. What are the prime factors of t(z)?
2, 13
Suppose -4*l = -4*k - 28, 2*l - k - 16 = 3*k. Let d be (l/4)/((-21)/322). Let n(f) = -f**3 - 22*f**2 + 19*f - 28. List the prime factors of n(d).
2
Let z = 302 - 40. Suppose 4*j + 266 = -z. Let w = j + 287. What are the prime factors of w?
5, 31
Let k = 7 + -4. Let v(l) = 0 + 0*l - 2*l - 2 - 3*l + 9*l**2. List the prime factors of v(k).
2
Let h(l) = 8*l - 54. Let i(c) = -c + 1. Let a(t) = h(t) - 6*i(t). Suppose 0 = o, 0 = -y + 3*o - 5 + 23. List the prime factors of a(y).
2, 3
Let z be (150/(-35))/(3/(-14)). Suppose i - 20 = -c, 3*c - 4*c + z = 3*i. Suppose 11*q = -c + 779. List the prime factors of q.
3, 23
Suppose -k = 6*k - 0*k. Suppose 3*v - 30 - 54 = k. Let a(r) = r**3 - 29*r**2 + 39*r - 38. List the prime factors of a(v).
2, 3, 5
Suppose -3*s = 3*o - 27, -2*s + o + 3 = -0*o. Let t be 507/(-26) + (-2)/s. List the prime factors of (-1544)/t + 4/(-20).
7, 11
Let b(n) = n + 3. Let q(h) = -38*h - 40. Let y(v) = -3*b(v) + q(v). What are the prime factors of y(-13)?
2, 11
Suppose -117*x + 1097183 = -439144. What are the prime factors of x?
3, 1459
Let y(j) = -255*j + 14. Suppose 17 = -o + 5*d, 4*o + 4*d - 2 - 2 = 0. What are the prime factors of y(o)?
2, 131
Suppose -d - 5*q + 4263 = -1634, -4*d - q = -23531. List the prime factors of d.
2, 17, 173
Let x(y) = -1 + 11 - 10*y + 8*y. Let r be x(4). Suppose w - 87 = r*v, 0 = -2*w + 5*v + 276 - 103. List the prime factors of w.
89
Suppose -4*m + 33 = -5*y, y = 3*y + 5*m. List the prime factors of y/20*8 + 767*1.
3, 5, 17
Let u = -38 + 44. Suppose u*t + 2*t - 2016 = 0. Suppose -12*n + 9*n = -t. What are the prime factors of n?
2, 3, 7
Let z(i) = 22*i + 61. Let j be z(-24). Let a = -325 - j. Suppose 2*o - 3*h - 465 = 0, -823 = -3*o - h - a. List the prime factors of o.
2, 3, 19
Let w = 21896 - 15834. What are the prime factors of w?
2, 7, 433
Suppose -1820 = -24*n + 4*n. Suppose 97*l - 8394 = n*l. List the prime factors of l.
1399
Let z = -190 - -187. Let r = -6 - -9. What are the prime factors of (-1 - 6/z)*r?
3
Let p be 4 + 2/((-7)/(1365/(-2))). Suppose x + 1 - p = 0. What are the prime factors of x?
2, 3, 11
Let w be 3 - (24/(-64) + 6/16). Suppose l - 1802 = -w*o, 5*o = 23*l - 21*l + 2996. What are the prime factors of o?
2, 3, 5
Let a(u) = 2*u**2 - 8*u + 3. Let q be a(5). Let x be (0 - 2)/20 + ((-310877)/(-70) - -4). Suppose q*n + 1442 = x. List the prime factors of n.
3, 7, 11
Let l(c) = 5*c**2 + 3*c**2 + 4*c - 7*c**2 - 19*c + 21. Let o be ((-3)/((-27)/(-51)))/(1/(-3)). What are the prime factors of l(o)?
5, 11
Suppose 8604952 + 12098396 = 612*z. What are the prime factors of z?
33829
Let h = 58 - 46. Suppose 0*r - r + 3*t - 5 = 0, 0 = -3*t + h. Suppose 9*i = r*i + 100. What are the prime factors of i?
2, 5
Let d(h) = -12*h**2 + 16 - 9*h - 4 - 4*h + 7 + 0*h**3 - 3*h**3. List the prime factors of d(-8).
3, 11
Suppose 11*s - 19*s = -24*s + 46656. What are the prime factors of s?
2, 3
Let f = 66105 - 44375. List the prime factors of f.
2, 5, 41, 53
Let b(c) = -77*c**3 + 2*c**2 + 6*c + 17. List the prime factors of b(-5).
2, 4831
What are the prime factors of (0 - (84/(-15) - -2))*214175/130?
3, 659
Suppose 332*o - 351780 = 200*o. What are the prime factors of o?
5, 13, 41
Let i be (54/12 - 6)/((-5)/(-30)). What are the prime factors of 1681 + (3/i)/(1/(-3))?
2, 29
Let n = 78 - 76. Suppose n*q - 452 = -2*b, -5*q + 2*q = b - 222. What are the prime factors of b?
2, 3, 19
Let o = -217 + 218. Suppose 0 = -j + o, 2*j + 202 = 3*z - 3*j. List the prime factors of z.
3, 23
Let d = 672 + -461. Suppose 139*h - d = 138*h. List the prime factors of h.
211
Let m be (0 + 3)/(-1)*(-36)/(-108). Let r(d) = -34*d**3 - 4*d - 3. List the prime factors of r(m).
5, 7
Suppose 4*u = -24, q + 22143 - 70386 = 2*u. List the prime factors of q.
3, 23, 233
Suppose -4072 - 3559 = -4*b + p, 1 = p. What are the prime factors of 1*(b/90)/(2/50)?
2, 5, 53
Let g(k) = 23*k - 9. Suppose 9 = 3*s, -4*s = -2*x + s - 13. Suppose -9*y = x - 28. What are the prime factors of g(y)?
2, 3, 5
List the prime factors of (-2 - 9611/(-21))/((-3)/(-36)).
2, 1367
Let v be 8/3 - (-18)/(-27). Let x be v/((-90)/(-36)*8/30). Suppose -2*j - 76 = -u, x*u = -5*j + 406 - 145. What are the prime factors of u?
2, 41
Suppose -8*s + 36 = s. Let h be s/(-14) + (-352)/(-7). List the prime factors of (-936)/(-10) - (-20)/h.
2, 47
Suppose -h - 6 + 675 = 0. Let o = h + 16. What are the prime factors of o?
5, 137
Suppose 21409 = 71*u - 116615. What are the prime factors of u?
2, 3
Let f(t) = t + 5. Let g be f(-3). Suppose g*j + 14 - 64 = -4*a, -j + 9 = -2*a. Suppose -205 = -3*o + j. What are the prime factors of o?
2, 37
Let f be (-5 - -1) + 3 + (-5)/(-1). Suppose 3*h + 0*h - 8 = k, 4*h - f*k - 8 = 0. List the prime factors of h*1 + 4*138/8.
2, 3
Suppose s = 2*s - 5. Suppose -3*k - 17 = 5*f - f, 0 = 3*k - 2*f + s. List the prime factors of 6 - 8 - k - -1*30.
31
Let w(l) = 38*l + 4. Let y be 4/(-1)*((-44)/(-8))/(-11). Suppose -y*d - 7 + 11 = 0. List the prime factors of w(d).
2, 5
What are the prime factors of ((64116/60)/(-13) + 7)*170/(-4)?
2, 17, 47
Let d = 1653 - -12167. What are the prime factors of d?
2, 5, 691
Let n(l) = l**2 + 22*l + 43. Let u be n(-17). Let a = u + 347. What are the prime factors of a?
5, 61
What are the prime factors of (-5114)/4*((-13)/6 + 7/42)?
2557
Let f = -17026 + 45190. List the prime factors of f.
2, 3, 2347
List the prime factors of ((-120492)/(-216) - (-15)/(-18)) + -5.
2, 3, 23
Let n(p) be the second derivative of p**4/6 + 15*p**3/2 + 123*p**2/2 - 73*p + 1. List the prime factors of n(-35).
2, 499
Let q(b) = 26*b**2 - 18*b**2 + 10*b + 6 + b - 114. List the prime factors of q(8).
2, 3, 41
Let d(b) = 51*b**2 + 2*b + 2. Let p be d(-1). Suppose 4*v = 3*v - p. Let k = 61 + v. List the prime factors of k.
2, 5
What are the prime factors of 107/7*1563 - 34/(5712/(-72))?
2, 3, 11, 181
Suppose 119*n = 5*v + 114*n - 5490, -2*v + 2184 = 2*n. What are the prime factors of v?
3, 5, 73
Suppose -c + 0*x = x - 13, 4*x = c + 12. Suppose 2*s - c*p - 1679 = -3*p, 2*s - 1672 = -2*p. What are the prime factors of s?
3, 31
Let y = -1474 - -1477. Let t be (-2)/(-9) + 1688/18. Suppose y*x + 2*m = 86 + t, -3*m - 9 = 0. List the prime factors of x.
2, 31
Let v(a) = 250*a - 87. List the prime factors of v(1).
163
Let v be (6/4)/(5 + (-411)/84). Suppose 5*y + 11 + v = 0. What are the prime factors of (-8 + y + 2)/(1/(-3))?
3, 11
Let w(m) = 5*m**3 + m**2 - 6*m + 4. Let s be w(1). List the prime factors of ((-140)/s)/(-5) - -484.
491
Let p = -4372 + 5874. List the prime factors of p.
2, 751
Suppose -22*m + 407613 + 229034 = -16357. What are the prime factors of m?
2, 3, 17, 97
Let b = -13721 + 17194. What are the prime factors of b?
23, 151
Let g be (-425)/5*(-2)/5. Suppose -g*y - 21 = -35*y. Let o = -9 + y. What are the prime factors of o?
2, 3
Let r(g) be the second derivative of g**5/20 + 11*g**4/3 + 17*g**3/6 + 95*g**2/2 + 91*g. List the prime factors of r(-43).
1213
Suppose -20*n + 5035 = -15*n. Suppose -n - 3376 = -9*s. List the prime factors of s.
487
Let k = -475 + 440. Let v(p) = 6*p**2 + 170*p - 48. What are the prime factors of v(k)?
2, 13
Suppose 10*k = 5*k + 6*k - 608. List the prime factors of k.
2, 19
Suppose 5*y - 1475 = -3*p, 0 = -y + 3*p - 4*p + 297. List the prime factors of y + (-6 - -5)*4.
2, 3
Let v = -187 + 999. Suppose g - v = i, -g - 234 = 5*i - 1058. What are the prime factors of g?
2, 11, 37
Let s = 109729 + -73955. List the prime factors of s.
2, 31, 577
Let g be -3 + (1/2)/(1/6). Suppose l = -4 - g, s + l + 4 = 0. Suppose s = -11*h - 6*h + 1666. What are the prime factors of h?
2, 7
Suppose -7